e
Is 51 a factor of 97988078?
False
Is 8241054 a multiple of 109?
True
Is 64809922 a multiple of 9?
False
Is 38863542 a multiple of 54?
False
Is 173962202 a multiple of 46?
True
Does 12 divide 20265109?
False
Is 1185 a factor of 53318292?
False
Does 257 divide 97908262?
True
Is 1283417163 a multiple of 7?
True
Is 685 a factor of 127048462?
False
Does 499 divide 849619?
False
Does 5 divide 17671047?
False
Does 2316 divide 709138522?
False
Does 960 divide 25134883?
False
Is 65991072 a multiple of 4?
True
Is 212274384 a multiple of 2?
True
Is 52563533 a multiple of 23?
True
Is 259 a factor of 180948771?
False
Does 8 divide 5651176?
True
Does 108 divide 1018864872?
True
Is 121864844 a multiple of 124?
True
Is 721 a factor of 1664905802?
True
Does 80 divide 147920707?
False
Is 46500047 a multiple of 114?
False
Is 53337570 a multiple of 110?
True
Is 43 a factor of 22594543?
False
Does 67 divide 1465114393?
True
Is 7522889 a multiple of 441?
False
Is 25637253 a multiple of 61?
False
Is 83518294 a multiple of 16?
False
Does 368 divide 4804409567?
False
Does 31 divide 1702515262?
False
Is 130 a factor of 27872361?
False
Is 151928092 a multiple of 29?
False
Does 105 divide 1107443820?
True
Is 208691168 a multiple of 112?
True
Is 245 a factor of 101968510?
True
Does 3060 divide 25317856?
False
Is 17 a factor of 7070341310?
True
Does 306 divide 64562328?
True
Is 1223700 a multiple of 20?
True
Does 327 divide 140058677?
False
Does 140 divide 48702873?
False
Is 6 a factor of 5243772?
True
Is 368198835 a multiple of 937?
True
Is 182021371 a multiple of 7?
True
Is 9111836 a multiple of 262?
True
Is 852 a factor of 13540592?
False
Does 13 divide 11849162?
True
Is 477 a factor of 658881054?
True
Is 2687776356 a multiple of 961?
False
Is 13 a factor of 262429074?
False
Is 22928269 even?
False
Is 2654 a factor of 63305862?
True
Does 56 divide 102857585?
False
Is 2331888 a multiple of 48?
True
Does 7037 divide 583444707?
True
Is 495663584 a multiple of 122?
False
Does 261 divide 433897362?
True
Is 2942 a factor of 506159772?
False
Is 89906343 a multiple of 1685?
False
Does 1527 divide 397536952?
False
Is 52039312 a multiple of 52?
True
Is 47931432 a multiple of 6?
True
Is 29157410 a multiple of 141?
False
Is 3348130082 a multiple of 21?
False
Is 575 a factor of 35371700?
True
Is 130369229 a multiple of 277?
False
Is 111014750 a multiple of 250?
True
Is 66405101 a multiple of 20?
False
Is 76 a factor of 104838516?
False
Does 292 divide 2359490832?
False
Does 95 divide 9491067?
False
Is 17 a factor of 296625231?
True
Is 66 a factor of 201926538?
True
Does 6 divide 7742199?
False
Is 176139918 a multiple of 507?
False
Is 27 a factor of 433805598?
True
Is 891155970 a multiple of 1319?
True
Is 29731177 a multiple of 170?
False
Is 47 a factor of 167878031?
True
Does 465 divide 2126319915?
True
Is 60 a factor of 134796540?
True
Is 48997485 a multiple of 28?
False
Is 295 a factor of 8140121?
False
Is 9 a factor of 983116?
False
Is 212420208 a multiple of 39?
True
Does 10 divide 33885230?
True
Is 1271503574 a multiple of 242?
True
Is 729397416 a multiple of 88?
True
Is 93127480 a multiple of 244?
True
Does 13 divide 65784563?
True
Is 27 a factor of 20097816?
False
Is 106420217 a multiple of 3283?
False
Is 50 a factor of 45705100?
True
Is 49478144 a multiple of 30?
False
Is 1032 a factor of 67445466?
False
Is 137106180 a multiple of 491?
False
Is 10 a factor of 20437419?
False
Does 255 divide 190479952?
False
Is 18 a factor of 1568999655?
False
Is 7 a factor of 964809620?
False
Is 13 a factor of 387336?
False
Is 147392659 a multiple of 1447?
False
Is 91 a factor of 2177966336?
True
Is 19448044 a multiple of 4?
True
Is 29179472 a multiple of 679?
False
Is 300 a factor of 335746500?
True
Does 2772 divide 206029007?
False
Is 770 a factor of 297585314?
False
Is 930 a factor of 91046431?
False
Does 5 divide 26762720?
True
Does 4214 divide 347746703?
False
Is 140242536 a multiple of 72?
True
Does 724 divide 47461820?
True
Is 16 a factor of 11672720?
True
Does 5348 divide 673954960?
True
Is 4980150275 a multiple of 840?
False
Is 131662246 a multiple of 2094?
False
Is 5828300 a multiple of 100?
True
Does 72 divide 378555264?
True
Is 14108027 a multiple of 5?
False
Does 217 divide 40993470?
True
Does 1055 divide 2240716438?
False
Is 3669930 a multiple of 249?
False
Is 68 a factor of 24737335?
False
Does 109 divide 852506113?
True
Does 1707 divide 199998948?
True
Does 28 divide 147291284?
True
Is 132 a factor of 322618428?
True
Is 107 a factor of 4715811?
True
Is 319 a factor of 6600049?
False
Does 35 divide 5710530?
True
Is 16 a factor of 70643554?
False
Is 62154996 a multiple of 220?
False
Does 241 divide 12258465?
True
Is 424 a factor of 4104954422?
False
Is 447 a factor of 24444642?
True
Is 14 a factor of 1846974220?
True
Is 20220250 a multiple of 290?
True
Does 8 divide 15780643?
False
Is 41 a factor of 1896289?
False
Does 675 divide 11930420?
False
Does 12 divide 632253442?
False
Is 1673 a factor of 49284907?
True
Does 5224 divide 519625278?
False
Does 14 divide 29510194?
True
Is 833141792 a multiple of 1064?
True
Is 254 a factor of 73540122?
False
Does 144 divide 7406640?
True
Is 1015222002 a multiple of 387?
False
Does 77 divide 326006072?
False
Is 109663988 a multiple of 868?
True
Is 1361 a factor of 67006113?
True
Is 462492199 a multiple of 1391?
True
Is 37 a factor of 579483130?
False
Is 92848035 a multiple of 10?
False
Is 27 a factor of 13042782?
True
Is 2081419290 a multiple of 10?
True
Does 1096 divide 2307138004?
False
Does 160 divide 250168160?
True
Is 7030348 a multiple of 5?
False
Is 2896 a factor of 1773316368?
True
Does 42 divide 28306395?
False
Is 4072 a factor of 42681330?
False
Does 1222 divide 199484168?
True
Is 104279531 a multiple of 331?
False
Is 11 a factor of 2764817?
True
Is 857 a factor of 227356768?
False
Does 72 divide 10503216?
True
Does 1611 divide 63846364?
False
Is 101 a factor of 803384408?
False
Is 102487356 a multiple of 828?
True
Is 10 a factor of 10255990?
True
Is 295 a factor of 2979769130?
False
Is 6 a factor of 5761482?
True
Is 275021565 a multiple of 147?
True
Is 11770256 a multiple of 397?
True
Is 14650665 a multiple of 1883?
False
Is 130670842 a multiple of 278?
True
Does 4 divide 52562368?
True
Does 73 divide 90864552?
False
Is 128450147 a multiple of 17?
True
Is 3 a factor of 18746632?
False
Does 8 divide 15834859?
False
Does 15 divide 388274743?
False
Does 9 divide 6946803?
True
Does 7442 divide 150753370?
False
Does 77 divide 314457220?
True
Is 683 a factor of 848841962?
True
Is 194 a factor of 49981966?
True
Does 43 divide 1692256615?
True
Is 41 a factor of 144886005?
True
Does 15 divide 10753947?
False
Does 383 divide 118923032?
True
Does 5 divide 10664036?
False
Is 18514756 a multiple of 79?
True
Is 318 a factor of 27573859?
False
Is 39964927 a multiple of 26?
False
Does 63 divide 697816539?
True
Is 17 a factor of 18099905?
False
Does 454 divide 43125097?
False
Does 109 divide 182011370?
False
Is 916483 a multiple of 3?
False
Is 65990085 a multiple of 54?
False
Does 29 divide 2249978496?
False
Does 740 divide 15694660?
True
Is 4 a factor of 12662547?
False
Is 7637760 a multiple of 192?
True
Is 259214640 a multiple of 98?
False
Is 5984 a factor of 513385663?
False
Does 169 divide 2334551804?
True
Is 159003098 a multiple of 290?
False
Is 2494920048 a multiple of 16?
True
Is 184 a factor of 34576176?
True
Is 171928776 a multiple of 89?
True
Is 2637 a factor of 768809439?
True
Does 11 divide 197839665?
False
Is 141 a factor of 6606555?
True
Is 55676775 a multiple of 1925?
True
Does 139 divide 75377742?
False
Is 757421357 a multiple of 11?
True
Does 90 divide 4468668210?
True
Is 10485280 a multiple of 8?
True
Is 11 a factor of 35889236?
False
Is 358152899 a multiple of 793?
True
Is 308655620 a multiple of 130?
True
Is 218 a factor of 350322076?
True
Is 44 a factor of 28054678?
False
Is 867259248 a multiple of 809?
False
Does 5160 divide 1806712080?
True
Is 6479457587 a multiple of 7273?
False
Is 236 a factor of 5516453?
False
Is 5540 a factor of 236096988?
False
Is 75464500 a multiple of 125?
True
Is 76 a factor of 26787492?
True
Does 6 divide 113155135?
False
Does 38 divide 118174452?
True
Does 17 divide 23323494?
False
Is 16 a f